p - a = -p. What is the units digit of p?
9
Suppose -4*j + 3*i = -29, j + 5 = -4*i - 2. Let p(a) = -9 + j - 14 + 4*a + 2. What is the units digit of p(7)?
2
Suppose -6*f - 2404 = 3*v - 4*f, 2*v - 5*f = -1628. Let o = -450 - v. What is the tens digit of o?
5
Suppose 2*x + 6*w + 8774 = 8*w, 3*x - w = -13171. Let g = -3129 - x. What is the units digit of g?
3
Let z = -369 + 385. Suppose 2*h = -z*h + 26694. What is the thousands digit of h?
1
What is the tens digit of (-18)/(-36)*(-1 + 1707)?
5
Suppose 5*z = -5*b + 222820, -5*b = -9*z + 8*z + 44612. What is the tens digit of z?
7
Suppose 100*r + 261088 = 116*r. What is the hundreds digit of r?
3
Let l(h) = h**3 + 17*h**2 - 3*h - 26. Let t be l(-17). Let p(x) = 26*x**2 + t*x**2 + 9 - 12*x - 50*x**2. What is the hundreds digit of p(19)?
1
Let n = 47968 + -4926. What is the tens digit of n?
4
Let m(b) = -8*b - 48. Let y(w) = 2*w + 1. Let t(p) = m(p) + 2*y(p). What is the tens digit of t(-31)?
7
Suppose 0 = -2*m + 1036 + 1644. What is the units digit of m?
0
Suppose 3*h + 4508 = 4*w - 3517, w = 4*h + 2003. Suppose -3*d + 6*d = w. What is the units digit of d?
9
Let p = -7 + 13. Let i(w) = 11*w + 13. Let r be i(-1). Suppose z - p*q - 171 = -11*q, -r*q = z - 177. What is the tens digit of z?
8
Suppose 5*d - 29 = -9. Suppose 4*w - 5*j + 418 + 109 = 0, -567 = d*w + 3*j. What is the tens digit of (1*w)/((-14)/7)?
6
Let h(q) = -4*q**2 - 39*q - 3. Let p be h(-9). Suppose -p*y + 27*y = 960. What is the units digit of y?
0
Let v = -2679 + 8564. What is the units digit of v?
5
Suppose 0 = 2*z - 4, 4*z + 107 = 2*c - 1363. Suppose 8*r = c + 741. Suppose 7*i - 1347 = -r. What is the hundreds digit of i?
1
Let k be 2*((-1278)/12 - 1/2). Suppose 3*a = 4*h - 1070, -822 = 2*a + 3*h - 86. Let j = k - a. What is the hundreds digit of j?
1
Let f(i) = -i**2 - 10*i - 16. Let u be f(-8). Suppose t = 3*s - 2*t - 9, u = 4*s + 3*t - 5. What is the hundreds digit of ((-372)/36)/(s/(-30))?
1
Let n(m) = 5*m - 30. Let f be n(6). Suppose f = -3*d + 5*d - 6. What is the units digit of (3 - 1 - d) + 5?
4
What is the units digit of 24 - (-71)/((-213)/(-69030))?
4
Let j = -13774 - -21782. What is the hundreds digit of j?
0
Suppose 12*s = 156 - 12. Suppose 0 = -s*v + 4717 - 217. What is the units digit of v?
5
Suppose 0 = -4*d - d + 20, 4*d = -o + 7976. What is the tens digit of o?
6
Suppose 2*b = -b - f + 8, -3*f + 10 = 2*b. Suppose -3*t - 292 = -b*r + 349, 4*r = t + 1307. Suppose 5*g + r = 9*g. What is the tens digit of g?
8
Let h = -2264 - -2225. Let y = -27 - -85. Let x = h + y. What is the tens digit of x?
1
Let w = 25107 + 6524. What is the tens digit of w?
3
Let s(h) = -h**2 + 19*h - 74. Let m be s(13). Suppose m*i + d = 306 + 1285, -5*i - 3*d = -1980. What is the units digit of i?
9
Suppose 23*l = -6*l - 145. Let c(t) = 7*t**2 + 6*t - 11. What is the units digit of c(l)?
4
What is the tens digit of (454016/7 - (-28 - -33)) + (-30)/70?
5
Suppose -21*w + 34443 = -47788 + 1486. What is the thousands digit of w?
3
Let q be 313/5 - 24/(-60). Suppose q*x - 58*x = 3915. What is the hundreds digit of x?
7
Let r = -11628 - -18243. What is the hundreds digit of r?
6
Suppose -22030 = -4*y + 2*h + h, 5*y = 4*h + 27538. What is the units digit of y?
6
Suppose -2*i - 57 = 117. Let j = 441 + i. What is the units digit of j?
4
Let z(v) = -v**3 - 6*v**2 + 7*v + 10. Let a be z(-7). Suppose a*y - 47 = 9*y. Let h = 155 - y. What is the tens digit of h?
0
Let b = -65 - -32. Let s = b - -30. Let u(x) = 23*x**2 - x - 5. What is the hundreds digit of u(s)?
2
Let g(x) = 22*x**2 - 26*x + 11. Let p be g(7). Let n = 163 + p. What is the units digit of n?
0
Let t(c) = 131*c**2 - 6*c + 4. Suppose -h - 6 = -3*w - 1, -4*h + w = 9. What is the tens digit of t(h)?
4
Let b be (-27)/(-2)*82/123. Let f = 4 - 1. What is the tens digit of 34 - (18/b - 1*f)?
3
Let c = 469 - 465. What is the tens digit of c/(-4)*-5 + (-5072)/(-8)?
3
Suppose -4*h + 417 = 3*a, 3*a = -2*h - a + 206. Suppose -8*z + h = -z. What is the tens digit of z?
1
Let o = 118462 - 82079. What is the ten thousands digit of o?
3
Let o(g) = g**3 + 41*g**2 + 126*g + 380. What is the tens digit of o(-36)?
2
Suppose -3*h - 10 = -5*h. Let d(w) = -7*w - 18. Let g(i) = -7*i - 18. Let a(j) = 6*d(j) - 7*g(j). What is the tens digit of a(h)?
5
Let y(w) = -2*w + 25. Let j be y(11). Let g be (-14 - -2)/j - -39. What is the units digit of (-4)/(-5) - (-2317)/g?
7
Let v = 7 - -103. Let p = v - 107. Suppose 4*c - 2*x = 250, -2*c = -p*c - x + 55. What is the units digit of c?
0
Suppose 13*v - 8907 = 12*v - 2*l, 2*v + 2*l = 17810. What is the hundreds digit of v?
9
Let i = 10 + -5. Suppose 0 = i*q + 12 + 13. Let s = q - -13. What is the units digit of s?
8
Suppose 20 = -3*x + 4*v, 2*x - 4*v = -0*v - 20. Suppose x = -3*u + 84 + 348. What is the tens digit of u?
4
Let l(h) be the first derivative of 6*h**2 + 20*h - 4. Let i be l(6). Suppose 4*y - i - 272 = 0. What is the tens digit of y?
9
Suppose 0 = 3*g - 6 - 0. Suppose g*n + 1900 = 5*c + 178, 1750 = 5*c + 5*n. What is the units digit of c?
6
Let z = -778 + 1356. Let u = z - 367. What is the hundreds digit of u?
2
Let h(c) = 186*c - 35. Let u = -50 - -53. What is the hundreds digit of h(u)?
5
Suppose -2*a = y + 4*y - 413, -2*y + 165 = a. Suppose 2*r - 825 + y = 0. What is the tens digit of r?
7
Suppose 0*d = -3*x + d + 10, 4*x - 3*d - 10 = 0. Suppose 2*q - 363 = -3*a + 447, -x*a - 4*q = -1080. Suppose 15*j = 10*j + a. What is the units digit of j?
4
Suppose -m = -36 + 106. Let j = m - -72. What is the tens digit of j*191*3*(-7)/(-42)?
9
Let w(l) = 2*l - 15*l**2 + 81 - l**3 - 184 + 72 + 7*l. What is the hundreds digit of w(-17)?
3
Let q(v) be the first derivative of 29*v**3/3 - 5*v**2/2 - 2*v + 8. Let b be q(-1). Suppose 0 = -9*t - b + 266. What is the units digit of t?
6
Suppose -4771 = -21*l - 37*l + 4741. What is the units digit of l?
4
Let g(p) = 87*p + 88. Let l be g(6). Suppose -r = -11*q + 15*q - l, -2404 = -4*r - 4*q. What is the tens digit of r?
9
Let v = -12 + 17. Suppose -5*c - 20 = 0, o + 3 - 10 = v*c. What is the tens digit of 45 + 1 + (-13)/(o/(-2))?
4
What is the units digit of (3789/21)/((-1)/(-21))?
9
Suppose -3*u + 13 - 125 = p, 2*p = 2*u - 208. Suppose 0 = 2*z - d + 247, 245 = -3*z + 3*d - 133. Let t = p - z. What is the units digit of t?
5
Let h(o) = o**3 - 9*o**2 - o + 5. Let q be h(-6). Let d = q - -751. What is the units digit of d?
2
Let x(s) = 794*s**2 + 37*s + 5. What is the tens digit of x(-3)?
4
Suppose 7*f + 151 = 165. Suppose -l - 15 = -3*w, 3*w - 7 = 4*l + 17. Suppose w*q = -a + 322, -f*q + 46 + 122 = -3*a. What is the tens digit of q?
8
Suppose 2277 = 3*d + 4*a - a, -2273 = -3*d + a. Suppose h = 4*l - d, l + 2*h - 33 - 152 = 0. What is the tens digit of l?
8
Let s(p) = 747*p + 81. Suppose -2*x - 12 = -4*d, x - 4*d = -0*x - 14. What is the thousands digit of s(x)?
1
Let a(h) = 2*h**3 - 3*h**2 - 7*h + 4. Let r be a(7). Let f be r/6 - 1/3. Suppose -u - 7 = 3*m - 84, -4*u = -3*m + f. What is the units digit of m?
6
Suppose 58*k - 468 = 49*k. Let a = k + 204. What is the tens digit of a?
5
What is the ten thousands digit of 3*((-920)/(-150) - 7)*-5935?
1
Let g = 1063 + -1667. Let l be (0 - -1) + (0 - 16). What is the units digit of (1 - l/(-9)) + g/(-6)?
0
Let v = -178 + 97. Let w(o) = -9*o**2 + 29*o - 84. Let k be w(3). Let h = k - v. What is the units digit of h?
3
Let q(i) = 3*i**2 - 138*i + 766. What is the hundreds digit of q(-77)?
1
Let n = 3112 + -345. What is the units digit of n?
7
Let q(n) = 218*n**2 + 16*n + 74. What is the units digit of q(11)?
8
Let x be (36/(-30))/(((-9)/(-30))/(-1)). Let p be (2/3)/(x/24). Suppose -628 = -0*o - p*o. What is the tens digit of o?
5
Let c be (22/8 + -2)*4. Suppose -5*m = -2*z - m + 2, -c*m + 44 = 5*z. Suppose 4 = -4*u, -o + z = 5*u - 13. What is the tens digit of o?
2
Let n be (-3)/(-18) + (-345)/18. Suppose 128 = -3*q - 4*c - c, -3*c + 15 = 0. Let l = n - q. What is the units digit of l?
2
Suppose 4*q - 59220 = k, -q + 14805 = 103*k - 105*k. What is the units digit of q?
5
What is the thousands digit of ((-78)/52)/(9/24) - -35373?
5
Suppose 2*k - 11468 = -3*o, 23*k + 19106 = 5*o + 19*k. Let g = -2507 + o. What is the hundreds digit of g?
3
Let z be (-2573)/(-5) - ((-132)/(-20) + -6). Let r = 